w(-7).
0
Let d(i) = -i**3 + 6*i**2 - 5*i - 7. What is d(5)?
-7
Let a(b) = 18*b + 17. What is a(-4)?
-55
Let m(s) = -s**3 + 14*s**2 - 24*s + 3. What is m(12)?
3
Let t(l) = 2*l**2 + 48*l + 55. Give t(-22).
-33
Let v(c) = 5*c**2 + 47*c + 13. Give v(-9).
-5
Let x(i) = -i**3 + 6*i**2 + 3*i - 4. What is x(3)?
32
Let l(s) = -43*s - 454. Calculate l(-11).
19
Let w(t) = -26*t + 86. Determine w(7).
-96
Let a(j) = j + 20. What is a(17)?
37
Let v(g) = -g**3 - g**2 + 2*g. Give v(0).
0
Let f(r) = r**3 - 7*r**2 + 5*r + 8. What is f(6)?
2
Let j(i) = -i**3 + 24*i**2 + 24*i + 32. Determine j(25).
7
Let s(j) = -34*j + 384. Calculate s(11).
10
Let p(n) = n**3 - 2*n**2 - 2*n + 2. Calculate p(-2).
-10
Let a(d) = d - 15. What is a(15)?
0
Let z(v) = v**2 + 18*v - 17. Calculate z(-16).
-49
Let w(p) = -p**3 - 4*p**2 + 4. What is w(-5)?
29
Let p(a) = 8*a**2 - 12*a + 2. Determine p(2).
10
Let s(b) = b**3 + b**2 - b + 1. Determine s(1).
2
Let k(g) = 4*g + 2. Calculate k(-1).
-2
Let n(k) = -3*k**2 + 77*k + 26. What is n(26)?
0
Let c(g) = -14*g + 113. Give c(8).
1
Let z(c) = c + 9. Calculate z(-10).
-1
Let w(v) = -5*v**2 + 3*v + 1. Determine w(-2).
-25
Let b(w) = 3*w**2 + 2*w - 2. What is b(-3)?
19
Let g(n) = n**3 + 4*n**2 + n + 11. Determine g(-4).
7
Let g(j) = j**3 + 13*j**2 + 14*j + 2. What is g(-12)?
-22
Let u(l) = -2*l - 59. Give u(-26).
-7
Let v(o) = -2*o**3 - 48*o**2 + 2*o + 52. What is v(-24)?
4
Let d(n) = n + 10. What is d(0)?
10
Let r(a) = -a - 10. Give r(-7).
-3
Let s(r) = 15*r - 136. Calculate s(9).
-1
Let p(r) = 3*r - 42. Give p(14).
0
Let r(z) = -z**3 - 4*z**2 - 2*z - 2. Calculate r(-4).
6
Let f(d) = -d**3 + 4*d**2 + 7*d - 2. Calculate f(5).
8
Let o(g) = -7*g**3 - 2*g**2 - 3*g - 4. Give o(-2).
50
Let s(j) = -j**3 + 7*j**2 + 5*j + 4. Give s(7).
39
Let b(q) = 25*q - 114. What is b(5)?
11
Let o(m) = -2*m**3 + m**2 + 7*m - 10. Calculate o(2).
-8
Let y(n) = -n**3 + 2*n**2 + n + 13. Give y(0).
13
Let y(h) = -h**2 + 14*h. What is y(12)?
24
Let v(c) = 7*c + 308. Calculate v(-42).
14
Let v(m) = -10*m - 1. Give v(6).
-61
Let q(y) = -y**3 + 6*y**2 + 5*y + 12. Determine q(7).
-2
Let s(i) = -i**3 + 8*i**2 + 2*i + 3. Give s(9).
-60
Let l(r) = -r**2 - 7*r + 2. Calculate l(-8).
-6
Let p(n) = -n**2 + 11*n - 19. What is p(8)?
5
Let p(y) = -5*y**3 + 2*y**2 - 4*y + 3. Give p(2).
-37
Let v(g) = -3*g**2 + 51*g - 9. Determine v(17).
-9
Let v(j) = -11*j + 2. Calculate v(2).
-20
Let m(g) = g**3 - 3*g**2 - 12*g + 15. Determine m(5).
5
Let m(h) = -h + 28. Calculate m(-5).
33
Let w(k) = 2*k**3 - 3*k**2 + k + 2. Give w(2).
8
Let b(i) = 18*i - 1. Determine b(1).
17
Let w(b) = -3*b - 9. Determine w(2).
-15
Let y(i) = i**2 + 11*i - 1. Determine y(-6).
-31
Let a(h) = 5*h**2 - 57*h + 15. Calculate a(12).
51
Let l(o) = -4*o - 32. Calculate l(-5).
-12
Let y(j) = j**3 - 8*j**2 + 11*j + 17. Determine y(5).
-3
Let x(g) = -g**2 + 9*g + 48. Determine x(15).
-42
Let p(x) = -49*x**2 + x - 1. What is p(1)?
-49
Let f(s) = 17*s + 301. What is f(-18)?
-5
Let w(k) = k**2 + 11*k + 14. Give w(-11).
14
Let k(w) = -w**2 - 7*w + 5. Determine k(-6).
11
Let f(c) = -c**3 - 20*c**2 + 18*c - 45. Give f(-21).
18
Let g(s) = s**3 - 36*s**2 - 9*s + 312. What is g(36)?
-12
Let y(h) = -h**3 - 15*h**2 + 18*h + 23. Give y(-16).
-9
Let b(o) = -6*o**2 + 23*o + 72. What is b(6)?
-6
Let r(g) = g + 18. Calculate r(21).
39
Let y(m) = m**3 + 10*m**2 + 2*m + 10. Give y(-10).
-10
Let d(q) = 4*q - 2. Calculate d(-10).
-42
Let z(b) = 41*b + 212. Determine z(-5).
7
Let v(i) = 2*i**3 + 6*i**2 - 3*i + 4. Calculate v(-4).
-16
Let w(g) = -g**3 - 8*g**2 - 8*g - 9. What is w(-7)?
-2
Let n(x) = x**2 + 10*x + 44. Give n(-9).
35
Let v(s) = s**3 - 15*s**2 + 16*s - 24. Give v(14).
4
Let m(s) = 7*s**3 + 2*s**2 + s + 5. Give m(-2).
-45
Let p(v) = -5*v**2 - 7*v - 1. Give p(-4).
-53
Let u(z) = z**3 + 22*z**2 - 15*z + 146. Give u(-23).
-38
Let m(y) = -y**3 - 8*y**2 + 8*y - 11. Give m(-9).
-2
Let l(t) = -2*t. Calculate l(2).
-4
Let g(o) = 38*o**2 - 8*o - 1. Give g(1).
29
Let f(m) = m**3 - 25*m**2 + m - 23. Calculate f(25).
2
Let y(l) = -l - 6. Give y(-3).
-3
Let n(o) = 13*o**2 - 2*o + 1. Calculate n(-2).
57
Let c(g) = -g**2 + 7*g + 1. Calculate c(4).
13
Let l(g) = 8*g - 6. Determine l(4).
26
Let p(i) = -i**2 + 3*i - 3. Give p(0).
-3
Let c(t) = -9*t + 65. Determine c(8).
-7
Let h(r) = r**3 + 6*r**2 - 3*r + 6. Determine h(-6).
24
Let f(d) = d**3 - d**2 + d + 13. Give f(0).
13
Let m(r) = r**3 + 4*r**2 - 14. Give m(-2).
-6
Let i(p) = p**3 + 7*p**2 - 9*p + 19. Give i(-8).
27
Let i(x) = -x**2 + 61*x - 125. Calculate i(59).
-7
Let m(j) = j**2 + 16*j + 60. Determine m(-6).
0
Let r(u) = -u**3 + 14*u**2 - 12*u - 29. What is r(13)?
-16
Let t(i) = 6*i + 31. Determine t(-5).
1
Let w(i) = -i**3 + 13*i - 3. Determine w(3).
9
Let j(x) = -12*x**2 - 62*x - 7. Calculate j(-5).
3
Let v(r) = -r**2 - 9*r + 11. Calculate v(-10).
1
Let a(l) = 2*l**2 + 2*l - 6. Calculate a(2).
6
Let o(b) = -4*b + 9. Give o(-8).
41
Let g(q) = -2*q**3 - 6*q**2 - q - 5. Calculate g(-3).
-2
Let y(w) = 2*w**2 + 21*w + 22. Determine y(-8).
-18
Let b(y) = 5*y + 2. Give b(-4).
-18
Let b(g) = -3*g**3 - g**2 - 1. Calculate b(1).
-5
Let o(r) = r**2 + 9*r + 12. Determine o(-8).
4
Let m(a) = -80*a**3 + a**2 + a + 1. Calculate m(-1).
81
Let v(n) = -n**2 + 12*n + 54. Determine v(16).
-10
Let h(x) = -10*x - 375. Calculate h(-37).
-5
Let v(y) = y**3 + 4*y**2 + 3*y + 6. Calculate v(-4).
-6
Let a(u) = 11*u - 2. Determine a(-5).
-57
Let s(c) = -c**3 + 14*c**2 + 31*c + 12. Determine s(16).
-4
Let r(b) = -b**3 - 2*b**2 + 2*b - 11. Calculate r(-4).
13
Let z(d) = -d + 75. Calculate z(-6).
81
Let p(z) = z**2 - 8*z + 22. Give p(5).
7
Let f(t) = t**3 + t**2 - 4*t - 3. What is f(-3)?
-9
Let u(x) = 3*x - 2. What is u(8)?
22
Let w(s) = -63*s + 25. Calculate w(1).
-38
Let n(b) = b**3 + 19*b**2 - 20*b + 14. Determine n(-20).
14
Let h(b) = 38*b**3. Determine h(1).
38
Let w(v) = v**2 + 9*v + 13. Give w(-4).
-7
Let h(u) = -55*u + 332. What is h(6)?
2
Let y(l) = -l**3 + 7*l**2 - 8. What is y(7)?
-8
Let n(h) = 3*h**2 - 5*h - 12. Determine n(5).
38
Let b(o) = -29*o**3 + o**2 + 4*o + 2. Determine b(-1).
28
Let q(p) = -2*p**2 + 6*p + 4. Determine q(-4).
-52
Let h(x) = -x**2 + 8*x + 1. Give h(11).
-32
Let d(k) = -4*k. Determine d(5).
-20
Let n(w) = w**3 + 38*w**2 + 36*w - 49. Give n(-37).
-12
Let d(k) = 57*k - 3. Calculate d(1).
54
Let a(b) = 6*b - 6. Determine a(4).
18
Let x(u) = u**3 + 12*u**2 + 21*u + 9. What is x(-10)?
-1
Let m(w) = -w**2 + 14*w - 4. What is m(15)?
-19
Let o(w) = -13*w + 86. Give o(12).
-70
Let n(l) = l**3 - 4*l**2 - 14*l. Give n(6).
-12
Let s(m) = 2*m**2 - 16*m + 31. What is s(6)?
7
Let j(h) = -3*h**2 + 6*h + 2. Calculate j(-5).
-103
Let t(l) = 3*l + 17. Give t(-4).
5
Let n(h) = -h**3 - 9*h**2 - 7*h - 9. Give n(-7).
-58
Let x(k) = k**3 + 23*k**2 + k + 29. Determine x(-23).
6
Let q(d) = -d**3 - 9*d**2 + d + 19. What is q(-9)?
10
Let o(y) = y - 1. Determine o(0).
-1
Let i(a) = a**3 + 4*a**2 + a - 2. Determine i(-5).
-32
Let w(x) = x**3 + 14*x**2 - 23*x + 1. Give w(-16).
-143
Let r(w) = w**2 - w - 5. Calculate r(4).
7
Let v(i) = -i**2 + 10*i + 27. What is v(11)?
16
Let a(v) = -5*v - 2. Determine a(-4).
18
Let a(b) = -b**2 + 17*b - 18. Calculate a(16).
-2
Let i(x) = -2*x + 23. Calculate i(6).
11
Let k(b) = b**2 - 21*b + 66. Calculate k(15).
-24
Let n(u) = u**2 - 10*u + 1. Determine n(10).
1
Let v(x) = x**2 + 10*x + 34. Determine v(-5).
9
Let w(k) = -k**2 + 14*k. Give w(13).
13
Let w(a) = -a**3 + a**2 - 7. Determine w(0).
-7
Let c(r) = -r**3 + 5*r**2 + 6*r + 3. What is c(6)?
3
Let y(f) = -2*f**3 + 8*f**2 + 3*f - 1. Calculate y(4).
11
Let l(d) = 2*d**2 + 4*d + 3. Calculate l(-5).
33
Let r(c) = -8*c + 99. Calculate r(11).
11
Let h(n) = -n**2 + 4*n + 7. Calculate h(6).
-5
Let g(m) = 15*m - 6. Calculate g(-2).
-36
Let l(c) = c**3 - 9*c**2 + 39*c - 244. Give l(8).
4
Let a(v) = v**2 - 33*v + 83. Give a(31).
21
Let w(f) = 6*f**3 + f - 1. Give w(1).
6
Let p(y) = 8*y - 11. Give p(0).
-11
Let t(g) = -4*g**2 + 38*g - 18. Determine t(9).
0
Let l(i) = i**3 - 6*i**2 - 17*i - 1. Determine l(8).
-9
Let k(c) = c**2 - 18*c + 24. What is k(15)?
-21
Let j(g) = -5*g + 44. Calculate j(10).
-6
Let p(n) = 8*n - 32. What is p(4)?
0
Let j(n) = -2*n - 3. Determine j(0).
-3
Let z(b) = -b**3 - 7*b**2 - 3*b - 1. What is z(-6)?
-19
Let j(i) = 